2
Suppose -8*w + 6*w = 7136. What is the remainder when 48 is divided by (-2)/(-9) - w/144?
23
Let r = 1474 + -1459. What is the remainder when 31 is divided by r?
1
Let i = -5308 + 5351. Suppose 2*n - 48 + 4 = 0. What is the remainder when i is divided by n?
21
Let o be 60/(-36) - (-4)/6. Let l be 14/(-1) - o/(-1). What is the remainder when 4 + (4*l)/(-4) is divided by 11?
8
Suppose -3*a = m + 4, -a + 8 = -2*m + 4*a. Let n = m + 26. Calculate the remainder when n is divided by (-28)/(-6)*36/14.
10
Suppose 37 = 12*w - 23. Calculate the remainder when 44 is divided by w.
4
Let v = -238 + 247. Let q(r) = -r**3 - 6*r**2 - 3*r + 7. Let f be (2/(-2))/((-3)/(-18)). What is the remainder when q(f) is divided by v?
7
Suppose z + 27 = p, 5*p - 4*z - 38 = 100. What is the remainder when 239 is divided by p?
29
Suppose -3*l + 4*l = 57. Suppose l = 5*d + 12. Suppose -3*y = 5*m - 187, 8*y - 3*y = m - 15. What is the remainder when m is divided by d?
8
Suppose 4*n = 5*y + 426, -2*n - 37*y = -32*y - 198. Calculate the remainder when 203 is divided by n.
99
Let k be ((-37)/1)/((-5)/(-5)). Let r = k + 61. Calculate the remainder when 118 is divided by r.
22
What is the remainder when 303 is divided by 4 - (-6 - (7 + 1))?
15
Let w(n) = 626*n**2 - 14*n - 14. What is the remainder when w(-1) is divided by 18?
14
Let o(h) = h**3 + 18*h**2 + 49*h - 1. What is the remainder when (-318)/(-4) - 3/6 is divided by o(-4)?
25
Let d(l) = -3*l + 1. Let f be (0 + -5)*(132/10 + 0). Let o = f - -122. Calculate the remainder when o is divided by d(-6).
18
Suppose 2*u - 4 - 8 = 0. Suppose 0*v + u*v = 246. What is the remainder when v is divided by 14?
13
Suppose -206 = -5*f - 11. What is the remainder when 73 is divided by f?
34
Suppose 4*a + 71 = 3*o, 4*o - 48 = 2*a + 50. Let v = -12698 - -12772. What is the remainder when v is divided by o?
24
Let o = 157 - 118. What is the remainder when o is divided by 5?
4
Suppose -5*d + 110 = 5*s, -3*s + 30 = 5*d - 38. Let y be 298/4 - 6/(-4). Suppose 3*v + y - 262 = 0. What is the remainder when v is divided by s?
20
Let r(i) = -i**2 + 11*i + 22. Let f be r(12). Suppose -3*q + 117 = -n, -4*q + 150 = 4*n + f. What is the remainder when q is divided by 14?
10
Let a(f) = 54*f + 0 - 107*f - 1 + 44*f. Let u be a(-1). Let l(c) = 6*c - 15. What is the remainder when 162 is divided by l(u)?
30
Let f(p) = -4*p + 7. Let g be f(-7). Let r = g + 10. What is the remainder when r is divided by 12?
9
Suppose -3*c + 9 = -5*s, -22*s = c - 18*s - 3. What is the remainder when 35 is divided by c?
2
Let y be 3/((-119)/28 + 5). Suppose 2*i = i + 96. Suppose -3*p + i = y*u, 64 - 21 = p + 5*u. What is the remainder when p is divided by 15?
13
Suppose 14*o - 26*o = -3240. What is the remainder when o is divided by 17?
15
Let z(g) = -2*g + 2. Let t be z(2). Let d = -55 + 63. What is the remainder when (t/4)/((-4)/248) is divided by d?
7
Let v(u) = -u + 7. Let z be v(3). Suppose -1 - 7 = -z*t. Calculate the remainder when (-9)/(-3 + 3/2) is divided by t.
0
Suppose 0 = -4*s + 44 - 140. Let w = -13 - s. What is the remainder when 63 is divided by w?
8
Let m = -22 + 28. Suppose m*y + 168 = 684. Calculate the remainder when y is divided by 18.
14
Let a = 1623 + -1597. Calculate the remainder when 233 is divided by a.
25
Let q(n) = n**3 - 2*n**2 - 3*n + 4. Let h be q(3). Suppose 2*u = m - 6*m + 43, -44 = -4*m - h*u. What is the remainder when 12 is divided by m?
5
Suppose -l = 4 - 3. Calculate the remainder when (-624)/8*(3/9 + l) is divided by 27.
25
Suppose -3*i + 16*r + 125 = 11*r, 4*i = -5*r + 225. Calculate the remainder when 167 is divided by i.
17
Suppose 0 = -12*n + 1511 - 323. Calculate the remainder when n is divided by 6.
3
Suppose 2*b + 52 = 4*c, -20 = -3*b - 2*b. Let f be (c/(-30))/(1/(-88)). Let v = f + -25. What is the remainder when 74 is divided by v?
17
Suppose 25*d - 20*d - 47 = -2*n, -d = -3. Calculate the remainder when 55 is divided by n.
7
Let i be 303/33 - 6/33. Suppose -l + 35 = -i. Calculate the remainder when l is divided by 9.
8
Let h be (3 - (-2 + -2))*-1. Let w = h - -11. Suppose 7*d - 66 = w*d. What is the remainder when d is divided by 8?
6
Let p(f) = 3*f**3 - 6*f**2 + 7*f - 4. What is the remainder when p(3) is divided by 7?
2
Let f be -1 - 17/((-68)/(-720)). Let c = f + 262. What is the remainder when c is divided by 21?
18
Suppose -h = -3 - 4. Calculate the remainder when 0/1 - -6 - 1*1/(-1) is divided by h.
0
Suppose 0 = 2*b - 4, -4 = -0*k - 5*k + 3*b. Suppose 7*g - k*g - 350 = 0. Calculate the remainder when (-20)/g - (-261)/7 is divided by 13.
11
Suppose -3*h - 75 = -6*h. Let l = h - 22. Suppose 5*o = 3*n - 81, l*o - 38 = -n + o. What is the remainder when 61 is divided by n?
29
Suppose -b + 8 = -4*o + 20, 5*b = -o + 45. Calculate the remainder when 67 is divided by -5*(-6)/(-4)*b/(-6).
7
Let h(g) = g - 2 + 2*g + 4*g - 14. What is the remainder when h(7) is divided by 18?
15
Suppose 24 = 5*s - 3*k, -k = 5*s + 4 - 16. Suppose 0 = 5*h + 10 - 5, z - 12 = s*h. Calculate the remainder when 24 is divided by z.
6
Let x(f) = f**2 + 7*f + 6. Let l be x(-6). Suppose -8*k + 3*k + 25 = l. What is the remainder when k is divided by 4?
1
Let g(s) = -s**2 - 14*s - 25. Let t be g(-9). Suppose 5*x - t = 0, -6*m - 5*x = -m - 270. What is the remainder when m is divided by 13?
11
Calculate the remainder when 204 is divided by (318/30)/((-4)/(-20)).
45
Suppose 5*z = -2*d + 64, -2*d = -z - d + 17. Let t = -68 + 63. What is the remainder when (594/(-55))/(1/t) is divided by z?
12
Let m = -392 + 551. Calculate the remainder when m is divided by 61.
37
Suppose 0 = -3*i + 4*m + 223, -5*i + 0*i + m = -383. Calculate the remainder when i is divided by 10.
7
Suppose 5*j - 5*x + 20 = 0, 3*x - 4*x + 5 = -2*j. What is the remainder when 20 is divided by (2/(-10) - j)*(-1 - -11)?
4
Suppose -13*o + 88 = -289. Calculate the remainder when o is divided by 3/(2 + -1) + 3.
5
Suppose 16 + 9 = -5*y. Let z = y - -6. Calculate the remainder when 6 is divided by -6*(2/6 - z).
2
Suppose -2*z - 244 = -k - k, -3*k - 15 = 0. Let f = 136 + z. What is the remainder when 50 is divided by f?
5
Let o(b) = -10*b + 4. Let h be o(-3). What is the remainder when (h/5)/((-42)/(-105)) is divided by 6?
5
Let t = -599 - -680. Calculate the remainder when 310 is divided by t.
67
Let j(p) be the third derivative of 2*p**4/3 - p**3/3 + 2*p**2. Let y(t) = t**3 - 3*t + 1. Let b be y(2). What is the remainder when j(b) is divided by 16?
14
Suppose -5*p + 59 = -4*a, -3*a = 17*p - 14*p - 30. Calculate the remainder when 107 is divided by p.
8
Let l = 20 + -17. Suppose 2*m + 98 = l*m + 4*d, 4*m - 2*d - 302 = 0. Calculate the remainder when m is divided by 20 - (-1 + (1 - 0)).
18
Let f = 119 + -123. What is the remainder when (3/(-4) - f/48)*-69 is divided by 7?
4
Suppose 141*q - 341288 = -7*q. Calculate the remainder when q is divided by 33.
29
Suppose -93*n = 26*n - 43*n - 4560. Suppose -4*s - 5*x = -16, 3*s - x - 49 = -18. Calculate the remainder when n is divided by s.
6
Let q = -146 + 440. What is the remainder when q is divided by 78?
60
Suppose -b = 2*c - 2, -3*c = -2*c + 3*b - 6. Suppose -l + 10 = 2*z, -2*l - 2*z = -c*l - 10. Suppose t - 3 = -l. What is the remainder when 5 is divided by t?
2
Calculate the remainder when (-58)/(330/(-36) - -9) is divided by 89.
81
Let z(t) = t**2 + 5*t + 5. Let g be z(-4). Let i be -22 + 21 + 2/g. Calculate the remainder when 87 is divided by (7 - -22) + 0 + i.
27
Let j = -167 + 168. Let m(t) = -t - 1. What is the remainder when j is divided by m(-2)?
0
Suppose 10*s - 266 = 7*s - 2*v, -2*s - v + 178 = 0. Calculate the remainder when s is divided by 19.
14
Let s = 1 + 15. Suppose -z + 2*d + 21 = 0, 0*z + z = -2*d + 9. Let j = 46 + z. What is the remainder when j is divided by s?
13
Let p = 63 - 28. Let f = -22 + p. Calculate the remainder when f is divided by 8.
5
Suppose 0 = 9*o - 6*o. Suppose -5*s + o*s - 15 = 0, 25 = h - 5*s. What is the remainder when 28 is divided by h?
8
Let k = -226 - -495. What is the remainder when k is divided by 34?
31
Let t(d) = 6*d**2 - 12*d - 2. Calculate the remainder when t(9) is divided by 20.
16
Suppose 0 = -31*p + p + 1230. What is the remainder when 77 is divided by p?
36
Suppose -119 = -8*c - 7. What is the remainde